 7) to base 8.
11364342
-1222122021000 (base 3) to base 12
-42ab99
What is -e4bd (base 16) in base 10?
-58557
-276252 (base 10) to base 3
-112000221120
-618608 (base 9) to base 15
-73bdb
-135429 (base 11) to base 5
-23242034
-1121012200 (base 3) to base 10
-31500
2120001122120 (base 3) to base 15
1bcb70
Convert ab7b (base 16) to base 10.
43899
-1123f (base 16) to base 13
-25c57
2010102001222 (base 3) to base 9
2112058
What is -1536145 (base 10) in base 13?
-41a280
What is 370767 (base 9) in base 14?
5b74a
What is -1534054 (base 6) in base 5?
-10342242
Convert -213b13 (base 12) to base 2.
-10000000001101111111
What is 144401421 (base 5) in base 13?
21338c
Convert -44056631 (base 8) to base 11.
-5382331
What is 20c600 (base 15) in base 10?
1560600
What is 33460556 (base 7) in base 4?
23011112120
Convert -13c02b (base 13) to base 15.
-98352
Convert 3608a0 (base 12) to base 10.
872184
-153741 (base 10) to base 9
-253803
-2132103320 (base 4) to base 10
-648440
Convert -13722 (base 9) to base 2.
-10010001110111
Convert 54512002 (base 6) to base 4.
12031030202
Convert 2a83931 (base 12) to base 16.
83b975
5653360 (base 9) to base 5
1234444123
a0adb (base 14) to base 12
167689
-22773117 (base 8) to base 7
-60212602
-3ed7c (base 16) to base 13
-90214
44200443 (base 5) to base 8
1350675
Convert -85b1a (base 12) to base 5.
-21114014
What is 10121261 (base 9) in base 12?
176229a
Convert -164275 (base 11) to base 15.
-5064a
Convert 3874b (base 16) to base 5.
24344433
What is 76960 (base 11) in base 12?
54724
Convert 94061 (base 11) to base 2.
100001011111001000
Convert -5340506 (base 7) to base 12.
-273375
What is -3101120010 (base 4) in base 9?
-1546363
Convert -11010003102 (base 4) to base 2.
-101000100000011010010
What is 15bdd (base 14) in base 16?
d4d7
Convert 46a95a5 (base 11) to base 7.
126540461
What is -100000101111100101 (base 2) in base 16?
-20be5
Convert 1b3792 (base 12) to base 3.
220112212102
What is -6373067 (base 8) in base 16?
-19f637
10102002201210 (base 3) to base 16
1ba95c
Convert 6bc536 (base 13) to base 11.
14a52a1
What is 31101031 (base 4) in base 6?
1055341
Convert 9816 (base 10) to base 12.
5820
Convert 6131555 (base 7) to base 4.
2302112210
Convert 4540423 (base 6) to base 4.
320112333
Convert -574533 (base 9) to base 8.
-1240713
3301421100 (base 5) to base 15
947135
21221101021 (base 3) to base 11
a7466
What is -84037 (base 9) in base 6?
-1104354
Convert 10112434 (base 5) to base 4.
110011010
Convert 112044022 (base 5) to base 11.
313a14
-64353 (base 11) to base 9
-152340
What is -10232142 (base 5) in base 12?
-42103
What is -32234054 (base 6) in base 2?
-11101000110001110010
What is 589b0 (base 15) in base 6?
10015003
-6511a9 (base 12) to base 8
-6062321
What is 3000033 (base 4) in base 10?
12303
Convert 1373404 (base 10) to base 14.
27a724
What is 2dd92 (base 14) in base 8?
340754
What is -b5b84 (base 13) in base 5?
-40431443
Convert 1101000111110000 (base 2) to base 5.
3204434
What is 1040141 (base 7) in base 13?
45c59
Convert -26a6843 (base 11) to base 8.
-21627007
What is -47959 (base 13) in base 16?
-20092
Convert -3004422 (base 6) to base 15.
-2bb95
-117866 (base 10) to base 3
-12222200102
-125063 (base 10) to base 6
-2402555
Convert 1110110001001011 (base 2) to base 11.
414a2
177461 (base 11) to base 15
56021
Convert 2010121020110 (base 3) to base 14.
217277
-188126 (base 9) to base 6
-2303510
What is 856877 (base 9) in base 5?
112312124
44021044 (base 5) to base 14
9b259
Convert 10056103 (base 7) to base 13.
234373
What is 8002441 (base 10) in base 6?
443304201
-243001322 (base 5) to base 3
-2010221221020
What is -2120162 (base 7) in base 16?
-3ebe8
13211320 (base 4) to base 7
156442
-120122231022 (base 4) to base 3
-110001012022020
What is 295448 (base 10) in base 8?
1101030
Convert 1374461 (base 12) to base 2.
1110110100100010001001
Convert -85aa6 (base 13) to base 6.
-5101043
What is 31412131 (base 5) in base 7?
2144656
Convert -1472564 (base 9) to base 14.
-17328d
Convert -10032200020 (base 4) to base 6.
-35425304
Convert -19c00b (base 16) to base 10.
-1687563
Convert -6044522 (base 8) to base 6.
-54040402
What is 606052 (base 7) in base 4?
121020121
Convert -34624b (base 14) to base 6.
-102123311
What is 44318b (base 12) in base 16?
10893b
402056 (base 7) to base 16
10973
110000001100110000011 (base 2) to base 3
2222020112010
Convert -226500 (base 10) to base 13.
-7c131
What is -112225145 (base 6) in base 8?
-7717131
Convert -1b681a (base 12) to base 10.
-488470
Convert -11121566 (base 7) to base 10.
-963437
-37602a (base 11) to base 16
-90efa
What is ca32b (base 13) in base 8?
1311276
Convert -10111011211 (base 3) to base 13.
-25333
Convert 1111100011000010 (base 2) to base 12.
30a2a
What is -70282 (base 10) in base 11?
-48893
Convert 342c7 (base 13) to base 7.
543613
Convert 100220120100200 (base 3) to base 7.
62523252
Convert 6077 (base 11) to base 10.
8070
111111111101000 (base 2) to base 6
411332
24304000 (base 5) to base 11
146851
-122001102 (base 3) to base 4
-3002033
What is 287bd (base 14) in base 5?
11202243
Convert 1d909 (base 15) to base 6.
2022530
Convert -3012302201 (base 4) to base 14.
-172a41
Convert -69ddcc (base 16) to base 12.
-23a70b8
53c567 (base 15) to base 6
221310224
Convert 824022 (base 12) to base 8.
7616432
-10001011000010110100111 (base 2) to base 9
-8513833
-cb8d2 (base 14) to base 16
-78580
719237 (base 14) to base 11
2185302
-8a4aa4 (base 11) to base 2
-101011111111010111010
Convert 33660 (base 12) to base 7.
403131
What is -896631 (base 14) in base 15?
-6227ce
What is -154962 (base 10) in base 8?
-456522
What is -269189 (base 11) in base 13?
-11a1b9
Convert -2212024 (base 5) to base 9.
-57584
Convert -54740 (base 16) to base 8.
-1243500
Convert -420124152 (base 6) to base 14.
-d7a804
-34144210 (base 8) to base 16
-70c888
What is 111112111110 (base 3) in base 11?
172206
Convert 49eac (base 15) to base 12.
b4823
What is -17bc3 (base 16) in base 15?
-1dc14
What is 32114324 (base 5) in base 9?
451280
3ce033 (base 15) to base 5
1222323143
Convert 12023020 (base 5) to base 12.
542aa
What is da49ba (base 14) in base 15?
9ae401
101111001002002 (base 3) to base 9
11431062
Convert -b3cb (base 16) to base 14.
-12ab9
Convert 12232121 (base 6) to base 11.
249437
Convert -232133311 (base 4) to base 15.
-3b66d
1b9210 (base 14) to base 4
3300212132
Convert 2122301030 (base 4) to base 12.
266a38
-a5244 (base 11) to base 10
-153355
What is -106a07 (base 15) in base 3?
-1110201112121
11514045 (base 9) to base 6
320234405
What is 38024 (base 9) in base 10?
25537
Convert 3b26b (base 16) to base 8.
731153
4078314 (base 9) to base 2
1000010011101011110011
Convert -1254443212 (base 6) to base 7.
-242003300
What is -117789 (base 10) in base 8?
-346035
Convert 1121033311 (base 4) to base 2.
1011001001111110101
-10566721 (base 8) to base 7
-25312530
What is -52191 (base 11) in base 9?
-125332
4026 (base 7) to base 16
570
What is 491a0 (base 15) in base 9?
384856
Convert 1025222 (base 7) to base 2.
11110010101111000
What is -1210306 (base 8) in base 4?
-1101003012
110112112112 (base 3) to base 4
330100022
What is -80706 (base 10) in base 12?
-3a856
3471055 (base 8) to base 3
1210002200012
What is 113301322 (base 4) in base 8?
276172
What is -4d1d (base 16) in base 12?
-b511
5186b3 (base 16) to base 6
310303351
Convert -11111001010100000010111 (base 2) to base 8.
-37124027
What is -614948 (base 10) in base 5?
-124134243
What is 1701555 (base 8) in base 11?
306a44
What is 58686 (base 13) in base 15?
32cc0
Convert 1000001001100011100 (base 2) to base 14.
6d460
What is 2210230320 (base 4) in base 5?
133041431
-7236060 (base 8) to base 16
-1d3c30
Convert 1443548 (base 11) to base 12.
9b6717
What is -1010010100010010100010 (base 2) in base 16?
-2944a2
What is -1110100110110101000 (base 2) in base 15?
-96c3c
Convert 2212642 (base 8) to base 6.
20432150
2202120022020 (base 3) to base 5
333431244
What is -10110001001010101100010 (base 2) in base 4?
-112021111202
What is -1677 (base 15) in base 10?
-4837
Convert 21130332133 (base 4) to base 6.
125040051
What is -8021a8 (base 15) in base 14?
-b44741
8b1a9 (base 15) to base 10
442509
315041542 (base 6) to base 4
111030312212
Convert -1cb1c4 (base 16) to base 6.
-1041500